z*m. Let p = -14 - -19. What is the remainder when m is divided by p?
3
Let y(d) = 5*d**3 - d. Let n be y(-1). Let s be ((-30)/n)/(2/4). Suppose 2*v - 7 = s. What is the remainder when 32 is divided by v?
10
Let h = -1025 - -1401. What is the remainder when h is divided by 19?
15
Suppose -18 = -5*g + 12. Let x be -2*9*(-3)/g. Let m = 18 - x. Calculate the remainder when 15 is divided by m.
6
Suppose 0*t = -2*t + 4*u + 166, t + 4*u - 59 = 0. Suppose 2*a = 3*b + 46, a - 4*a + 3*b + t = 0. Calculate the remainder when 142 is divided by a.
26
Let w be 6/1 - (-1 - -4). Let o be ((5 - w)*1)/(-2). Let u(q) = -16*q - 1. Calculate the remainder when 28 is divided by u(o).
13
Suppose -2*s + 10 = -6*w + w, s = 4*w + 11. Let l(t) = -2*t**2 - 11*t + 2. Let v = 7 - 3. Calculate the remainder when l(s) is divided by v.
3
What is the remainder when 25 - 1 - (-1)/(-1) is divided by 3/((-2 + -5)/(-21))?
5
Suppose 759 - 660 = 3*c. What is the remainder when 64 is divided by c?
31
Let w(n) = -2*n**2 - 58*n - 77. What is the remainder when 311 is divided by w(-26)?
74
Suppose -45 = -2*q + 15. Suppose -5*g - 3*l = -q, -2*g + 4*l - 11 = 3. Suppose g*k - 25 = -2*k. Calculate the remainder when 14 is divided by k.
4
Suppose 5*z = 2*k - 20, -2*k + 14 = 4*z - 42. Calculate the remainder when 317 is divided by k.
17
Let g(x) = -6*x + 390. What is the remainder when 253 is divided by g(62)?
1
Let q = -883 - -1086. What is the remainder when q is divided by 48?
11
Suppose 5*h - 2*c - 61 = 0, -h - 3*c + 30 - 11 = 0. What is the remainder when 2025 is divided by h?
10
Let l = 15 - 12. Let k(t) = t**2 + 1. Let q be k(l). Suppose -86 = -q*y + 8*y. Calculate the remainder when y is divided by 11.
10
Suppose 37 + 23 = 6*t. Calculate the remainder when 41 is divided by t.
1
Suppose -3 = -3*v + 6. Suppose -5*c = -5*n - 660 + 195, n = v*c - 287. Calculate the remainder when c is divided by 25.
22
Suppose -3*h + 2 = -4. Suppose 0*o = -h*o + 46. What is the remainder when o is divided by 6?
5
Suppose t - 238*i + 235*i = 84, -5*t + 2*i + 355 = 0. Calculate the remainder when 217 is divided by t.
10
Suppose 4*w - 85 = 2*w + c, -205 = -5*w + 5*c. Suppose -4*z + 44 = -w. What is the remainder when z is divided by 12?
10
Suppose o + 0*c - 2*c = 8, -2*o + 16 = 3*c. Suppose -o*h + 40 = 8. Let d = 39 - 20. Calculate the remainder when d is divided by h.
3
Let f(o) = -o**2 + 18*o - 50. Calculate the remainder when 54 is divided by f(9).
23
Suppose -6*j - 1359 + 1605 = 0. What is the remainder when j is divided by 6?
5
Let q(c) = 2*c**2 - 7*c + 10. Calculate the remainder when 39 is divided by q(4).
11
Suppose -7*a + 4 = -11*a, 29 = 3*c - 5*a. Calculate the remainder when 28 is divided by c.
4
Let v(s) = 20*s - 1. What is the remainder when v(1) is divided by (8*6/(-36))/((-4)/30)?
9
Let t(d) = -d - 12. Let x be t(-5). Let n be -1*x/(28/8). Suppose 0*b = -n*b + 6. What is the remainder when 11 is divided by b?
2
Suppose -3*k = 3*x - 27, 0 = -4*x - 3*k - 0*k + 33. Let i(a) = a**3 - 6*a**2 + 2*a + 5. Calculate the remainder when i(x) is divided by 10.
7
Let o = 30 - 8. What is the remainder when 79 is divided by o?
13
Suppose 95 = 14*r + 25. Suppose -4*w - w = 40. Let l = w + 16. Calculate the remainder when l is divided by r.
3
Let z = 1377 - 901. Suppose 0 = -4*p + 4*k + z, -p + 4*p - 357 = 5*k. Calculate the remainder when p is divided by 30.
29
Let v(w) = 8*w + 54. Calculate the remainder when 453 is divided by v(-2).
35
Suppose 0*x = 5*x + 40. Let v = -154 - -90. Let b = x - v. Calculate the remainder when b is divided by 29.
27
Calculate the remainder when (12/4)/((3/178)/1) is divided by 15.
13
Suppose b - 6*b = 10, -4*o - b + 26 = 0. Suppose -o*s - 60 = -3*s. What is the remainder when (s + 1)*(-2 + 1) is divided by 5?
4
Suppose 46*n = 49*n - 1458. What is the remainder when n is divided by 14?
10
Suppose 52*z + 3*d = 57*z - 359, -4*z + 271 = 3*d. What is the remainder when 281 is divided by z?
1
Let k be (-6)/24 - 33/(-4). Suppose 0 = 6*i - k*i + 18. What is the remainder when i is divided by 5?
4
Suppose -2*c + 39 = -5*c. Let m(o) = -o**3 - 13*o**2 + 7. Let x be m(c). Let h = 31 + x. What is the remainder when h is divided by 10?
8
Suppose -3*z + 30 = 2*z + s, -5*z - 4*s + 15 = 0. Let l(u) = -u**3 + 10*u**2 - 8*u - 16. Let q = -34 + 53. Calculate the remainder when l(z) is divided by q.
18
Let c = -193 + 212. Calculate the remainder when 131 is divided by c.
17
Calculate the remainder when 7 + (17 + 2 - -3) is divided by 10.
9
Let o(p) = p**2 - 8*p + 22. Suppose -21 = 5*j - 3*s, 2*s - 23 = 5*j - 2*s. Let r = j + 6. What is the remainder when o(4) is divided by r?
0
Let w = -8 - -10. Suppose -w*k + 5*z + 18 = 3*z, k + 3*z - 17 = 0. What is the remainder when k is divided by 6?
5
Let z(r) = -r**3 + 5*r**2 + 2*r - 7. Suppose 4*v = 2*x + 38, -3*v - 10 = x - 36. Let g(q) = -q + 10. What is the remainder when z(5) is divided by g(v)?
0
Let u = 89 + -18. Suppose u*c - 76*c + 60 = 0. Calculate the remainder when 47 is divided by c.
11
Let t(d) = -120*d + 2049. Let v(g) = -7*g - 2. What is the remainder when v(-5) is divided by t(17)?
6
Let w(f) = -f**2 + 17*f + 27. What is the remainder when w(18) is divided by 3?
0
Let r = -49 + 45. What is the remainder when (86/4)/((-2)/r) is divided by 22?
21
Suppose 7*c = 587 + 113. Let x(f) = 14*f**2 + f. What is the remainder when c is divided by x(-1)?
9
Let x be (-40)/(-15) + (-4)/6. Suppose 2*p = b - x*b + 280, 0 = -5*b + 3*p + 1348. Calculate the remainder when b is divided by 55.
52
Suppose 6*r - 3*r - 84 = 0. Suppose r = 2*y + 5*y. What is the remainder when 5 is divided by y?
1
Suppose 9 = -7*z + 23. What is the remainder when (-9 - -7) + 126/z is divided by 16?
13
Let x = -221 + 321. Suppose 7*w = 89 + x. What is the remainder when 51 is divided by w?
24
Suppose 3*u - 81 = -5*g, u - 4*g + 14 = 41. Let c = u - 17. Let q(l) = l**2 - 9*l - 8. Calculate the remainder when q(c) is divided by 1.
0
Suppose 0 = 5*b - 20, -4*t = 3*b + 2*b - 92. What is the remainder when 4/14 + 1464/21 is divided by t?
16
Suppose -7*m + 44 = 4*h - 11*m, 2*m = -h - 4. Calculate the remainder when 23 is divided by h.
5
Let k = 137 + -131. What is the remainder when 2*13 + (-8 - -5) is divided by k?
5
Suppose -5*f = -3*f - 426. Suppose -5*a + f = -2*a. Calculate the remainder when a is divided by 24.
23
Let h be 4/18 - 480/(-27). Suppose 7 = o - h. Suppose -2*f + 35 + o = 5*c, 96 = 4*f - 2*c. What is the remainder when f is divided by 9?
7
Suppose -78*v + 79*v = 68. What is the remainder when v is divided by 18?
14
Let r be (1287/21 - 1) + 2/(-7). Let l = 9 + r. What is the remainder when l is divided by 18?
15
Let r = -158 - -166. Calculate the remainder when 28 is divided by r.
4
Suppose 43*a = 41*a + 252. Suppose 2*i = -i + a. What is the remainder when i is divided by 15?
12
Suppose 7*a + 20 = 11*a. Suppose 315 = a*p - 2*v + 4*v, 2*v = -2*p + 132. Calculate the remainder when p is divided by 16.
13
Suppose 5*j = 23 + 77. Let k = j - 15. Suppose -2*z - 2*z = -m - 73, -61 = -4*z + k*m. What is the remainder when 54 is divided by z?
16
Suppose -j = -3*k + 13, 6*j + 2*k - 2 = 10*j. What is the remainder when 18 is divided by j?
0
Suppose 8*y - 7*y = 4. Calculate the remainder when y is divided by 24/(-9)*15/(-10).
0
Suppose 84 = 3*l + 5*g, -5*l + 84 = -2*l + 4*g. Calculate the remainder when 178 is divided by l.
10
Let x = 14 - -35. Calculate the remainder when x is divided by (-15)/1155*14 - ((-870)/(-22))/(-3).
10
Let p(x) = x**3 - 3*x - 5. What is the remainder when p(4) is divided by -3 + (3/(-8) - (8525/40)/(-11))?
15
Let x be ((-12)/(-8))/((-6)/(-4) + -1). Suppose -x*f + 81 = -3*c, 0*f + 2*f = c + 50. What is the remainder when 44 is divided by f?
21
Let t be -97 - (1 - (-2 - -2)). Let c = t - -141. Calculate the remainder when c is divided by 23.
20
Let d(x) = 4*x + 31. Let o be d(-6). Suppose -2*m - 2*f + o*f = -23, 0 = -m + 3*f + 13. Calculate the remainder when 10 is divided by m.
2
Suppose -2*m + 5 = 3*m. Calculate the remainder when (-7)/21 + 400/12 is divided by 4/(-8)*(-19 + m).
6
Let a(i) = i**3 - 5*i**2 + 5*i + 1. Let d be a(4). Suppose 0 = d*n - 53 - 67. Calculate the remainder when 69 is divided by n.
21
Suppose 3*y + l = 585, 26*l + 6 = 28*l. Calcula